is the units digit of t?
9
Let i = 3400 - 1001. What is the hundreds digit of i?
3
Let q = 109 - -985. What is the tens digit of q?
9
Let o(b) = -b**2 + b + 58. Let v be o(-7). What is the tens digit of -4*(v - 1) - -85?
8
Suppose 5*r + 8 + 7 = 0. Let o be (-3 + 3)/r + 0. Suppose o = 2*n - 50 - 20. What is the tens digit of n?
3
Suppose 2854 = 35*z - 32*z - 5*r, r + 1891 = 2*z. What is the hundreds digit of z?
9
What is the hundreds digit of (-23366)/(-30) - 68/(-510)?
7
What is the units digit of (-1)/(2/(-3348)*2)?
7
Let g(t) = 2*t - 2. Let w be g(10). Let v = 12 - w. What is the units digit of 38/4 + 9/v?
8
Let i(q) = 2*q**2 - 41*q + 12. What is the units digit of i(-14)?
8
Let p(w) = -2*w**2 + 15*w - 5. Let j be p(7). Suppose -j*v + 4*v = 60. What is the tens digit of v?
3
Suppose 3*u = -z - 1, -3*z - 3 + 8 = u. Suppose -10*n = -z*n - 240. What is the units digit of n?
0
Let c(o) = -11*o - 24. Let r be c(-6). Let z = -5 + r. What is the tens digit of z?
3
Suppose 64*v - 69*v + 15 = 0. Suppose -3*n - 80 = -2*h, 4*n + 64 = v*h - 55. What is the units digit of h?
7
Let i be 2/(-3) - (-5480)/12. Suppose 4*p + 2*k = i - 76, 2*p - 4*k - 180 = 0. What is the tens digit of p?
9
Suppose -4*d = 8*p - 4*p - 336, 2*p - d - 168 = 0. Suppose 2*j = -3*l - 3*j + p, -5*l = -4*j - 140. What is the units digit of l?
8
Let k(d) be the second derivative of -d**5/20 + d**4/6 + 2*d**3/3 + d**2/2 + 4*d. Let t be k(3). Suppose -6*q = -t*q - 2. What is the units digit of q?
1
Let x(t) = t**3 + 13*t**2 + 9*t - 9. Let d be x(-12). Let b = 7 - d. What is the tens digit of (-558)/(-10) - 4/b?
5
Let z = 44 - 69. Suppose 0 = -12*u + 235 + 209. Let k = z + u. What is the tens digit of k?
1
Let u(k) = k**3 - 9*k**2 + 10*k - 8. Let r(i) be the second derivative of -7*i**5/20 + i**2/2 + 8*i. Let g be r(-1). What is the units digit of u(g)?
8
Suppose -16 = s - 5*s. Let y be 5*s/10*1. Suppose -y*r + 15 + 96 = 5*h, 3*h - r = 71. What is the tens digit of h?
2
Let s(d) = 39*d**2 - 3*d + 2. Let y(h) = -h**3 - 10*h**2 - 10*h - 8. Let r be y(-9). What is the units digit of s(r)?
8
Let r(m) = m**2 - 6*m - 5. Suppose -5*d - 21 = -8*d. Let n be r(d). Suppose -24 = -x - n*x. What is the units digit of x?
8
Suppose -3*g - 5*w - 14 = -1985, 4*g - 3*w = 2628. What is the units digit of g?
7
Suppose -42*k + 68*k - 114660 = 0. What is the thousands digit of k?
4
Suppose -27*g - 486 = -36*g. What is the units digit of g?
4
Let g(m) = m**3 - 3*m**2 - 4*m + 2. Let i be g(4). What is the tens digit of (2/6)/(i + (-202)/102)?
1
Let m be 4*(-3)/3 - -3 - -38. Let j = -60 - -85. Let v = m - j. What is the tens digit of v?
1
Let i = 21 + -18. What is the tens digit of 32*-3*(-1)/i?
3
Let j be (-2)/(-6) + 18783/27. Suppose -6*l - 2*l + j = 0. What is the units digit of l?
7
Let p = -11 - -16. Let j = p + 0. Suppose j*z - 25 - 55 = 0. What is the units digit of z?
6
Let n(i) = i**2 - 3*i - 1. Let b be n(-1). Suppose -v - 63 = -2*y + 134, 0 = -2*y - b*v + 201. What is the tens digit of y?
9
Let i = -12 - -17. Let v(t) = 9*t - 6. What is the tens digit of v(i)?
3
Let i(c) = 3*c**2 + 10*c - 22. What is the hundreds digit of i(8)?
2
What is the hundreds digit of (13488/9)/(60/90)?
2
Let v(p) = -p**3 - 6*p**2 - 7*p - 2. Let f be v(-5). Let j = f + -5. Let q = -2 + j. What is the units digit of q?
1
Let y be 4/6*(-30)/4. What is the units digit of y/(-2) + (-279)/(-6)?
9
Let h(t) = -9*t + 94. What is the hundreds digit of h(-10)?
1
Let f = -2 + 4. Let p be (f + -1)/(14/56). Suppose -4*d + j + 83 = 18, p*d = -5*j + 59. What is the tens digit of d?
1
Let k(q) = 2062*q**2 - 7*q - 5. What is the units digit of k(-1)?
4
Let i(x) be the first derivative of 4 + 0*x + 35/3*x**3 + 0*x**2. What is the tens digit of i(1)?
3
Suppose -96 = -12*x + 4*x. Suppose 0 = -4*i - 5*j + 113, -2*i - x = -4*j - 62. What is the units digit of i?
7
Let m(o) = 703*o - 3. What is the units digit of m(1)?
0
Suppose 7*i - 10*i + 22 = j, 3*j - 3 = 0. Let a be 1 - (-11 + (-1)/(-1)). Let f = i + a. What is the units digit of f?
8
Let s(w) = 22*w**2 - 2*w - 1. Let l be s(-1). Suppose -l = -f - 2*g, g = -f - 3*f + 113. What is the units digit of f?
9
Suppose -2*l = s + 465, l - s + 228 = -3*s. Let f = l - -511. What is the tens digit of f?
7
Suppose 132 = 3*v - 2*x, 3*x + 218 = 5*v - x. Suppose -v = 3*f - 181. What is the units digit of f?
5
Let l = -24 - -12. Let c = -10 - l. Suppose c*b + 9 = -b + 3*u, -b + 5*u - 23 = 0. What is the units digit of b?
2
Suppose 0 = -34*o + 37392 + 146820. What is the units digit of o?
8
Let u = -11 + 14. Suppose -3*d - 8 = -o - 0*d, u*o = -2*d + 13. Suppose 4*p + 2*h - 74 = o*h, h - 102 = -5*p. What is the tens digit of p?
2
Suppose -274 = -s + 212. What is the hundreds digit of s?
4
What is the tens digit of ((-1 - 1) + 1)/(7/(-2009))?
8
Let k = 0 + -1. Let b(a) = -8*a + 3. Let x(y) = -3*y + 1. Let v(s) = 2*b(s) - 5*x(s). What is the units digit of v(k)?
2
What is the hundreds digit of (-4)/(-8)*(-2)/(-4)*2348?
5
Let k = 135 - 58. What is the tens digit of k?
7
Let o(k) = 353*k - 3. What is the hundreds digit of o(2)?
7
Let f(b) = 4*b**2 + b. Let h be f(-7). Let i = h + 26. What is the units digit of i?
5
Suppose -a + 58 + 79 = 0. Suppose 5*u - 138 = a. What is the units digit of u?
5
Let o be (8/4)/(2/(-11499)). Let u be (-18)/(-42) + o/(-21). What is the units digit of u/10 + (-56)/70?
4
Let b = 70 + -104. Let g = 34 + b. Suppose g = -4*v + 3*v + 49. What is the units digit of v?
9
Let j = 11 - 6. Suppose 2*v - 3*c = -0*v - 2, 4*v = -j*c - 48. What is the units digit of 24/84 - 124/v?
8
Suppose -21*y = -24*y + 333. What is the hundreds digit of y?
1
Suppose -2*y = x - 759, -7*x = -3*x + y - 3064. What is the tens digit of x?
6
Let f(j) = 18*j**2 - 6*j + 20. What is the tens digit of f(3)?
6
Suppose 17 = -7*l + 52. Let m(s) = s**2 + 6*s - 5. What is the units digit of m(l)?
0
Suppose -4*q = -2*i - 10860, 851 = q - 5*i - 1846. What is the tens digit of q?
1
Suppose 3*y - b - 525 = y, -b = 3. Let p = -157 + y. What is the tens digit of p?
0
Suppose 2*f - 9 = -3, -2*j = -f - 229. What is the units digit of j?
6
Let a be (-4 - -7)*4*(-2)/(-6). What is the units digit of -3*6/(-1)*a?
2
Let p(v) = -v**3 - 2*v**2 + 20*v - 12. Let f be p(-10). Suppose 2*o + f = 3*w - o, 576 = 3*w + o. What is the hundreds digit of w?
1
Let k be (-88)/6*(1 + 0 + -4). Suppose k = q - 84. What is the tens digit of q?
2
Suppose -4*v = c - 167, 4*v + 2*c + 67 = 233. Let d be (-2)/(-5) - v/30. What is the tens digit of (-3 - d)/(10/(-300))?
6
Let w(j) = 581*j**2 + 11*j - 15. What is the tens digit of w(-3)?
8
Let d(a) = -a**3 + 6*a**2 + 5*a + 8. Let f be d(7). What is the tens digit of ((-236)/f)/(16/24)?
5
Let v be (9 - -2)/(1/9). Let n = v + -40. Suppose 5*k - n = 61. What is the tens digit of k?
2
Let k(r) = 378*r. What is the tens digit of k(1)?
7
Let n = 9 - 11. Let m = n + 1. What is the units digit of (m + 11)*24/20?
2
Let x = 4830 + -2858. What is the units digit of x?
2
Suppose 2*y + 2*k = 24, 16*k = 2*y + 15*k - 18. Suppose 0 = -y*c + 1040 + 10. What is the hundreds digit of c?
1
Suppose -t - 13 = -36. Suppose v - t = -5*x, 3*x = -5*v + v + 24. Suppose 3*q = x*g - 21, 0 = -3*g - 0*q + 4*q + 7. What is the units digit of g?
9
Suppose 0*x + 4*x + 24 = -5*n, 5*x - 2*n = -30. What is the tens digit of 2/x*(-336)/8?
1
Suppose -4*h + 95 = -381. Let n = 4 + h. What is the units digit of n?
3
Let y(g) = g**3 + 45*g**2 + 45*g + 127. What is the tens digit of y(-44)?
8
Let c be 66/10 - (-3)/(-5). Let p = c - 1. Suppose -14 = p*r - 54. What is the units digit of r?
8
Let q = 39 - 59. What is the tens digit of q/(-15)*(-162)/(-4)?
5
Let s(u) = -3*u**3 - u**2 + 3*u. Let f(a) = -a**3 - a**2 - a. Let n(o) = -2*f(o) - s(o). Let p be n(1). Suppose p*r - 205 = 124. What is the tens digit of r?
4
Suppose -2*p = 5*h - 1540, 0 = -0*h + 3*h + 3*p - 915. Suppose l + h = 2*l. Suppose i + 2*r = -4*i + 310, -5*i = -3*r - l. What is the tens digit of i?
6
Let z(l) = -l**3 + l**2 - 9. Let y be z(0). Let v(d) = -5*d - 5. Let a(j) = 3*j + 3. Let i(h) = y*a(h) - 4*v(h). What is the units digit of i(-4)?
1
Suppose -5*c - 2*f = -19, 4*c + 0*c - 22 = -5*f. Suppose -2*t = c*t - 285. What is the tens digit of t?
5
Let y = -592 - -874. Let i = -162 + y. What